se
Suppose 0*h = -h - 31. Let y = 6 + -17. Let i = y - h. Does 6 divide i?
False
Let r = 13 + -11. Is 2 a factor of 5 - (2 - r/1)?
False
Suppose 56 = 3*t + t - 4*o, 3*o + 6 = t. Is 7 a factor of t?
False
Let h = 121 + -80. Does 11 divide h?
False
Let z = -37 - -65. Is z a multiple of 3?
False
Is 9*6*16/24 a multiple of 15?
False
Suppose a = -2 - 4. Let p(c) = -c**3 - 4*c**2 + 4*c. Is p(a) a multiple of 24?
True
Let l be (-2)/(-1 - 4/(-8)). Let k(h) = 2*h**3 - 6*h**2 + 5*h - 2. Does 11 divide k(l)?
False
Let w be ((-60)/8)/((-1)/2). Let s = 55 - w. Is 20 a factor of s?
True
Suppose -4*h = 2*n - 730, h + 0 = 1. Suppose -5*m = -n - 262. Is 35 a factor of m?
False
Let h(z) = -z**2 + 8*z + 4. Is 4 a factor of h(6)?
True
Let i be 1 - 2*(2 + -1). Is 6 a factor of 22 + (4 - 4)*i?
False
Does 30 divide (-585)/(-26)*(-1 + (-7)/(-3))?
True
Suppose -3*r + 21 - 12 = 0. Suppose -5*a - 80 = -r*x, -4*a + 71 = -x + 4*x. Does 19 divide x?
False
Suppose 0 = 2*a - 22 - 54. Let n(j) = -j + 6. Let p be n(4). Suppose 4*y = p*y + a. Is y a multiple of 14?
False
Let i(m) = -m**3 + 4*m**2 - 6*m - 4. Does 37 divide i(-4)?
True
Let c be 610/7 - 2/14. Suppose 0 = 6*x - 33 - c. Does 4 divide x?
True
Let p = -50 + 83. Is 8 a factor of p?
False
Suppose -5*y = 4*h - 87, -3*y + 2*h + 51 = 5*h. Let j = y - 10. Let d(a) = a + 1. Does 10 divide d(j)?
True
Suppose -20 = -0*q - 5*q. Let v = -4 + q. Suppose v = -3*t - 2*h + 108, 2*t + 0*t + 2*h = 74. Is t a multiple of 17?
True
Suppose n - 3*t = 3, 4 = -n - 3*t + 13. Suppose -2*d + 4 = -n. Suppose 15 = u - d. Does 10 divide u?
True
Suppose 4*s = 65 + 199. Does 17 divide s?
False
Let j = -1 + 5. Is 5 a factor of j/(-6)*(-15)/2?
True
Suppose 0*a + 5*a = 85. Suppose -8*r + 9*r - a = 0. Does 17 divide r?
True
Does 17 divide ((-15)/(-6)*-3)/(6/(-56))?
False
Suppose 12 = 2*b + 5*g, 2*b = b + 5*g + 6. Suppose -3*c - 4*d = -b*c + 20, -c = 5*d + 6. Suppose -5*f + 56 = c*r, -f + 5*f - 3 = -r. Is 9 a factor of r?
False
Suppose o - 5*r + 17 = 0, -10 - 6 = -4*r. Suppose -y = -28 + o. Suppose 5*n + 120 = 5*c + 3*n, y = 5*n. Does 13 divide c?
True
Suppose 4*c = 5*c + 5*k + 9, 3*c - 24 = 2*k. Suppose c*i - 215 = i. Does 15 divide i?
False
Let y be 1*((-189)/(-3) - -1). Suppose 0 = 3*v - 7*v + y. Is 8 a factor of v?
True
Suppose 4*r + 0*r = 20. Suppose 0 = -c - 5*p - 14, r*c = -0*c + 5*p + 80. Does 10 divide c?
False
Let q = 47 - 0. Does 4 divide q?
False
Let o be (0 + 2)/((-3)/(-9)). Suppose -5*w = -2*g + 108, o*w + 62 = 3*w + 4*g. Does 19 divide 4/(1 + w/24)?
False
Let b(u) = u**3 - 11*u**2 + u - 6. Let q be 1 + 3 + 10 - 3. Is b(q) a multiple of 2?
False
Suppose 133 = 3*s - 383. Is 25 a factor of -4*s/(-24)*3?
False
Suppose -2*v - 126 = -3*v - 3*k, -v + 5*k = -94. Does 17 divide v?
False
Let p(u) = u + 6. Suppose 4*f = 3*f. Is p(f) a multiple of 3?
True
Let c(y) = -y**3 - 10*y**2 - 11*y - 13. Let o be c(-9). Suppose x - 3*x = -5*f + 123, -f = o. Let k = -38 - x. Does 13 divide k?
False
Suppose 0*i = i - 45. Let q be 4/(-6)*i/(-10). Suppose 2*n - 3 = q*n, -5*k - 3*n + 46 = 0. Is 5 a factor of k?
False
Let j be ((-16)/(-10))/(1/10). Let h(u) = u**3 - 4*u**2 - 5*u + 4. Let n be h(5). Suppose 2*o - j = n. Does 10 divide o?
True
Suppose -10 = 5*f, -p - 4*p = 3*f - 189. Is 19 a factor of p?
False
Suppose 3*z - 2*l = 497, 2*l + 823 = z + 4*z. Is 32 a factor of z?
False
Let o be (-11)/9 - (-2)/9. Let k be 2/(-1)*o*8. Suppose -70 = -5*p - 5*j, -2*j + k = 2*j. Is 3 a factor of p?
False
Let j = -70 - -121. Is j a multiple of 10?
False
Suppose -v = -0*v - 56. Does 28 divide v?
True
Suppose 0 = 4*n - 4*l, -4*n + 20 = 2*l - l. Suppose 4 = -u + n*w, -u + 0*w - 3 = -3*w. Let i(q) = q**2 - q + 17. Does 17 divide i(u)?
True
Suppose b - 4*b = -s + 21, -2*s + 4*b + 50 = 0. Suppose 2*u + 3*i - 192 = -u, -4*u + 2*i + 226 = 0. Let d = u - s. Is d a multiple of 9?
False
Let f(j) = -4*j + 8. Let q = 8 + -15. Let p = -14 - q. Does 12 divide f(p)?
True
Suppose 0 = -c - 3*k - 0*k + 3, 2*k + 26 = 4*c. Let z be 196/c + (-1)/(-3). Let x = 57 - z. Is 12 a factor of x?
True
Let d be 202*(3 + (-14)/4). Let c = -67 - d. Does 17 divide c?
True
Suppose -6*j - 16 = -5*n - 3*j, 0 = -5*n - 5*j. Suppose n*z - 13 - 29 = 0. Suppose 91 = 4*q - z. Is 14 a factor of q?
True
Suppose 2*s = 3*s + 4*m - 101, 4*s + 3*m - 456 = 0. Is s a multiple of 7?
False
Suppose 2*o + 0*k = 5*k + 75, -k - 153 = -5*o. Suppose -5*h - o = -0*h. Is -2*(h - (2 + -1)) a multiple of 14?
True
Let p = -78 - -53. Let b = 47 + p. Does 14 divide b?
False
Let z be 13 + 0 + 0 - -1. Let o(u) = u**3 - 6*u**2 + u - 7. Let s be o(6). Is (-3 - s) + z + -2 a multiple of 5?
True
Let l = 21 + -8. Suppose -8*g = -l*g + 130. Is 13 a factor of g?
True
Let t(u) = -13*u - 4. Let w be t(-5). Let d = 101 - w. Is 20 a factor of d?
True
Suppose -105 = -f - 4*b, 3*f + 0*b - 354 = b. Let w = f + -74. Is 12 a factor of w?
False
Let i(z) be the third derivative of -z**5/60 - z**4/4 + 3*z**3/2 + z**2. Let p be i(-7). Is 16 a factor of (-188)/2*p/(-4)?
False
Let o(x) = 3*x**3 + x**2 - 6*x + 5. Is o(3) a multiple of 15?
False
Let y = 5 + 18. Does 7 divide y?
False
Let j(d) be the second derivative of d**6/120 + d**5/120 + d**4/8 - d**3/3 + 2*d. Let c(v) be the second derivative of j(v). Is 10 a factor of c(-3)?
False
Let y(s) = 11*s**2 + 4*s + 10. Is y(-2) a multiple of 12?
False
Let u = -11 - -6. Let o = u - -8. Does 3 divide o?
True
Let d(t) = 2*t**3 - 3*t**2 - 3*t + 3. Let x be d(3). Let p = x - 9. Is p a multiple of 6?
True
Is 17 a factor of 0/(-7) + (-1 - -35)*5?
True
Let c = 23 - 14. Suppose 0 = -4*p + p + 5*m - 642, -5*p - 1070 = m. Does 13 divide p/(-6) - 6/c?
False
Let o(f) = 9*f. Let j be o(-4). Suppose -3*g + g + 3*z = 89, 3*z = 5*g + 245. Let t = j - g. Is t a multiple of 8?
True
Suppose 5*t = q + 2*t + 8, -q = -5*t + 16. Suppose -q*h + 30 - 2 = 0. Does 7 divide h?
True
Let q = -17 + 9. Let x = 20 + q. Is 6 a factor of x?
True
Let o = 11 - 25. Let p = -7 - o. Is 0 + (2*p - 1) a multiple of 13?
True
Let x(t) = -3*t - 7. Let w be x(-9). Suppose 5*z + 5*h = w, -2*z + 6 = -z + 3*h. Suppose -z*d = 2*a - 58, -d + 3*d - 52 = 2*a. Is d a multiple of 11?
True
Suppose 0 = -0*q - 3*q + 177. Let s(f) = -5*f - 7. Let z be s(7). Let b = z + q. Does 8 divide b?
False
Suppose 2*q + 80 - 6 = 0. Suppose 5*f - u = -285, 35 = -f - u - 22. Let t = q - f. Is 10 a factor of t?
True
Let f = -10 - -21. Let l(h) = h**2 + 8*h. Let x be l(-6). Let p = f - x. Is 16 a factor of p?
False
Is (-2 - 10/(-4))/((-2)/(-464)) a multiple of 31?
False
Suppose 13 = -y - 4*m, -10 - 5 = -y + 3*m. Suppose y*o + 24 = 2*z - o, -4*o - 72 = -5*z. Is 7 a factor of z?
False
Let h(p) = -33*p**2. Let b be h(1). Let n = 0 + 55. Let g = n + b. Is g a multiple of 11?
True
Suppose 0 = -2*t + 21 - 9. Does 5 divide t?
False
Let k(t) = -t**3 + 9*t**2 - 10*t + 9. Let l be 8 - (4 - (-3)/(-1)). Is 37 a factor of k(l)?
True
Let m(h) = h**2 - 9*h - 2. Let j be m(6). Let l = j - -14. Let b(x) = -x**3 - 6*x**2 - 3*x. Is b(l) a multiple of 11?
False
Suppose 0 = -2*b + 4*f - 28, 3*f = 3*b + f + 46. Let t be (-51)/(-1)*2/3. Let g = b + t. Does 9 divide g?
True
Suppose -m + 3 = 4*s + 10, 4*m + s = 17. Suppose m - 2 = 3*l - 4*t, 0 = -3*t. Suppose 2*b = -3*j - l, j + 20 = 4*b - 13. Is b a multiple of 4?
False
Let h(s) = s**2 + 7*s + 9. Let f be h(-6). Suppose -5*l - 19 = -f*g, -2*l - 4 = -0*l. Suppose -g = j - 36. Is 21 a factor of j?
False
Let j(r) = -r**2 + 14*r + 16. Does 6 divide j(14)?
False
Suppose -7*t + 234 = -18. Is t a multiple of 18?
True
Let j(a) = a**3 - 9*a**2 - 10*a + 4. Let f be j(10). Suppose -5*s = -2 - 23. Suppose 0 = 5*t + w - 23, s*t - 4*w - 4 = f. Is t even?
True
Let c(i) = -15*i - 2. Is c(-16) a multiple of 17?
True
Suppose -u - 144 = -2*j - 3*j, -4*u + 4 = 0. Is 5 a factor of j?
False
Is 43 a factor of 1436/(-8)*(2 + (-6 - -2))?
False
Suppose 0 = 2*n + n - 12, 0 = 4*k + 4*n + 8. Is (-108 + 2)*3/k a multiple of 19?
False
Is (-52 - 0/(-1))*(0 + -2) a multiple of 14?
False
Suppose -h = -2*h + 3*y, -21 = -h - 4*y. Let g = h - -12. Is 15 a factor of g?
False
Let n = -9 - -11. Suppose n*l - 10 = 4. Is l a multiple of 2?
False
Does 7 divide (-3656)/(-24) - (-15)/9?
True
Suppose 14*p - 16*p = -80. Is p a multiple of 10?
True
Suppose 5*f = i + f - 370, -4*i = 4*f - 1440. Does 31 divide i?